vided by 246.
240
Calculate the remainder when 2671444 is divided by 7.
6
What is the remainder when 8940 is divided by 358?
348
Calculate the remainder when 17287 is divided by 3.
1
What is the remainder when 49444 is divided by 24716?
12
Calculate the remainder when 69090 is divided by 34445.
200
Calculate the remainder when 1380239 is divided by 81.
80
Calculate the remainder when 16304 is divided by 96.
80
What is the remainder when 7676 is divided by 248?
236
What is the remainder when 438393 is divided by 27?
21
What is the remainder when 378773 is divided by 189381?
11
What is the remainder when 349261 is divided by 1712?
13
Calculate the remainder when 2589 is divided by 117.
15
Calculate the remainder when 271484 is divided by 45246.
8
What is the remainder when 14276 is divided by 4745?
41
Calculate the remainder when 6065 is divided by 1813.
626
What is the remainder when 25959 is divided by 45?
39
Calculate the remainder when 139390 is divided by 242.
240
Calculate the remainder when 10455 is divided by 5182.
91
Calculate the remainder when 842 is divided by 60.
2
What is the remainder when 18223 is divided by 28?
23
What is the remainder when 56837 is divided by 409?
395
What is the remainder when 8127 is divided by 24?
15
Calculate the remainder when 356451 is divided by 29704.
3
Calculate the remainder when 27603 is divided by 587.
14
What is the remainder when 24881 is divided by 149?
147
Calculate the remainder when 55648 is divided by 961.
871
What is the remainder when 2308 is divided by 117?
85
What is the remainder when 15455 is divided by 21?
20
What is the remainder when 850047 is divided by 49?
44
Calculate the remainder when 28485 is divided by 1019.
972
What is the remainder when 5350 is divided by 764?
2
What is the remainder when 426751 is divided by 64?
63
Calculate the remainder when 24363 is divided by 7913.
624
Calculate the remainder when 25838 is divided by 132.
98
What is the remainder when 1966 is divided by 142?
120
Calculate the remainder when 27565 is divided by 336.
13
Calculate the remainder when 44097 is divided by 84.
81
What is the remainder when 319089 is divided by 61?
59
What is the remainder when 12109 is divided by 83?
74
What is the remainder when 673 is divided by 119?
78
What is the remainder when 13402 is divided by 6679?
44
Calculate the remainder when 320938 is divided by 15.
13
Calculate the remainder when 31149 is divided by 25.
24
Calculate the remainder when 158505 is divided by 153.
150
Calculate the remainder when 504943 is divided by 15.
13
What is the remainder when 78036 is divided by 39003?
30
What is the remainder when 18660 is divided by 61?
55
What is the remainder when 30281 is divided by 1780?
21
Calculate the remainder when 160898 is divided by 2090.
2058
Calculate the remainder when 2508 is divided by 193.
192
Calculate the remainder when 380898 is divided by 325.
323
Calculate the remainder when 36782 is divided by 255.
62
What is the remainder when 16722 is divided by 876?
78
Calculate the remainder when 11395 is divided by 221.
124
Calculate the remainder when 38178 is divided by 285.
273
What is the remainder when 12627 is divided by 6?
3
What is the remainder when 14043 is divided by 14032?
11
Calculate the remainder when 335606 is divided by 17663.
9
Calculate the remainder when 35816 is divided by 651.
11
What is the remainder when 26396 is divided by 134?
132
What is the remainder when 6515 is divided by 1084?
11
What is the remainder when 4657 is divided by 290?
17
What is the remainder when 4780103 is divided by 769?
768
What is the remainder when 91865 is divided by 193?
190
Calculate the remainder when 843 is divided by 820.
23
Calculate the remainder when 476 is divided by 54.
44
What is the remainder when 1720 is divided by 275?
70
What is the remainder when 72833 is divided by 4?
1
What is the remainder when 35843 is divided by 944?
915
Calculate the remainder when 6045 is divided by 657.
132
Calculate the remainder when 8210 is divided by 283.
3
Calculate the remainder when 724229 is divided by 14.
9
What is the remainder when 4575117 is divided by 220?
217
What is the remainder when 6813 is divided by 175?
163
Calculate the remainder when 2645867 is divided by 185.
182
Calculate the remainder when 356973 is divided by 402.
399
What is the remainder when 37141 is divided by 437?
433
What is the remainder when 10839 is divided by 266?
199
What is the remainder when 61941 is divided by 352?
341
Calculate the remainder when 4349 is divided by 170.
99
Calculate the remainder when 191995 is divided by 7.
6
Calculate the remainder when 480406 is divided by 4.
2
Calculate the remainder when 7750 is divided by 1550.
0
Calculate the remainder when 4163 is divided by 44.
27
What is the remainder when 80390 is divided by 80231?
159
What is the remainder when 4519 is divided by 252?
235
What is the remainder when 229748 is divided by 22974?
8
What is the remainder when 7705 is divided by 43?
8
What is the remainder when 90370 is divided by 1705?
5
What is the remainder when 36419 is divided by 19?
15
Calculate the remainder when 919735 is divided by 577.
574
What is the remainder when 24358 is divided by 21?
19
What is the remainder when 16674 is divided by 109?
106
What is the remainder when 19875 is divided by 1889?
985
Calculate the remainder when 5864 is divided by 210.
194
What is the remainder when 108981 is divided by 66?
15
What is the remainder when 12189 is divided by 12066?
123
Calculate the remainder when 553 is divided by 10.
3
What is the remainder when 199481 is divided by 64?
57
Calculate the remainder when 2831700 is divided by 21.
18
What is the remainder when 53105 is divided by 28?
17
What is the remainder when 791 is divided by 195?
11
What is the remainder when 56831 is divided by 64?
63
Calculate the remainder when 37924 is divided by 2912.
68
Calculate the remainder when 1241 is divided by 327.
260
What is the remainder when 1121 is divided by 13?
3
What is the remainder when 454398 is divided by 42?
0
What is the remainder when 1761262 is divided by 4?
2
Calculate the remainder when 57090 is divided by 19025.
15
Calculate the remainder when 5380 is divided by 2668.
44
Calculate the remainder when 38974 is divided by 67.
47
Calculate the remainder when 3127 is divided by 619.
32
What is the remainder when 4792 is divided by 808?
752
What is the remainder when 230029 is divided by 19?
15
What is the remainder when 1691 is divided by 307?
156
What is the remainder when 135165 is divided by 384?
381
What is the remainder when 3190 is divided by 179?
147
Calculate the remainder when 4529 is divided by 1435.
224
Calculate the remainder when 64899 is divided by 32447.
5
Calculate the remainder when 599 is divided by 264.
71
What is the remainder when 16607 is divided by 5519?
50
Calculate the remainder when 204 is divided by 7.
1
Calculate the remainder when 6640 is divided by 152.
104
Calculate the remainder when 12524 is divided by 78.
44
What is the remainder when 622667 is divided by 199?
195
Calculate the remainder when 240179 is divided by 101.
1
Calculate the remainder when 8272 is divided by 30.
22
What is the remainder when 14608 is divided by 2952?
2800
Calculate the remainder when 133437 is divided by 5801.
14
Calculate the remainder when 27636 is divided by 2755.
86
Calculate the remainder when 6596 is divided by 822.
20
Calculate the remainder when 4891 is divided by 1220.
11
What is the remainder when 54237 is divided by 26957?
323
Calculate the remainder when 75325 is divided by 25094.
43
What is the remainder when 11014 is divided by 459?
457
Calculate the remainder when 50937 is divided by 12733.
5
Calculate the remainder when 224944 is divided by 3357.
25
Calculate the remainder when 5302 is divided by 5294.
8
What is the remainder when 32609 is divided by 815?
9
Calculate the remainder when 9370 is divided by 1286.
368
What is the remainder when 1066 is divided by 1050?
16
What is the remainder when 15214 is divided by 75?
64
What is the remainder when 5916 is divided by 36?
12
What is the remainder when 13780 is divided by 42?
4
Calculate the remainder when 877 is divided by 230.
187
Calculate the remainder when 58711 is divid